{"id":687,"date":"2022-07-04T19:17:33","date_gmt":"2022-07-04T19:17:33","guid":{"rendered":"https:\/\/www.cssigniter.com\/elementor-demos\/aegean-resort\/?page_id=687"},"modified":"2024-06-11T23:41:28","modified_gmt":"2024-06-11T23:41:28","slug":"terminos-y-condiciones","status":"publish","type":"page","link":"https:\/\/worldatlantictravel.com\/inicio\/terminos-y-condiciones\/","title":{"rendered":"Terminos y condiciones"},"content":{"rendered":"\t\t<div data-elementor-type=\"wp-page\" data-elementor-id=\"687\" class=\"elementor elementor-687\">\n\t\t\t\t\t\t<section class=\"elementor-section elementor-top-section elementor-element elementor-element-8d63995 elementor-section-full_width elementor-section-height-default elementor-section-height-default\" data-id=\"8d63995\" data-element_type=\"section\" data-e-type=\"section\">\n\t\t\t\t\t\t<div class=\"elementor-container elementor-column-gap-no\">\n\t\t\t\t\t<div class=\"elementor-column elementor-col-100 elementor-top-column elementor-element elementor-element-3fd69a6\" data-id=\"3fd69a6\" data-element_type=\"column\" data-e-type=\"column\">\n\t\t\t<div class=\"elementor-widget-wrap elementor-element-populated\">\n\t\t\t\t\t\t<section class=\"elementor-section elementor-inner-section elementor-element elementor-element-9d05143 elementor-section-full_width elementor-section-height-default elementor-section-height-default\" data-id=\"9d05143\" data-element_type=\"section\" data-e-type=\"section\">\n\t\t\t\t\t\t<div class=\"elementor-container elementor-column-gap-no\">\n\t\t\t\t\t<div class=\"elementor-column elementor-col-100 elementor-inner-column elementor-element elementor-element-72a536f\" data-id=\"72a536f\" data-element_type=\"column\" data-e-type=\"column\">\n\t\t\t<div class=\"elementor-widget-wrap\">\n\t\t\t\t\t\t\t<\/div>\n\t\t<\/div>\n\t\t\t\t\t<\/div>\n\t\t<\/section>\n\t\t\t\t<div class=\"elementor-element elementor-element-91af0a3 elementor-widget elementor-widget-text-editor\" data-id=\"91af0a3\" data-element_type=\"widget\" data-e-type=\"widget\" data-widget_type=\"text-editor.default\">\n\t\t\t\t<div class=\"elementor-widget-container\">\n\t\t\t\t\t\t\t\t\t<p data-sourcepos=\"3:1-4:216\"><strong>PRECIOS<\/strong> Todos los precios est\u00e1n en d\u00f3lares estadounidenses (USD) y pueden cambiar sin previo aviso. A menos que se indique lo contrario, los precios son por persona en base a ocupaci\u00f3n doble (dos personas en una habitaci\u00f3n).<\/p><p data-sourcepos=\"6:1-7:278\"><strong>ITINERARIO<\/strong> Los itinerarios se planifican cuidadosamente. Sin embargo, por motivos operativos, puede ser necesario cambiar la secuencia de actividades del itinerario o la ruta especificada. Si bien estos cambios son excepcionales, el itinerario debe considerarse solo como una gu\u00eda b\u00e1sica.<\/p><p data-sourcepos=\"9:1-10:369\"><strong>SERVICIOS NO INCLUIDOS<\/strong> El pasajero es responsable de obtener pasaportes, visas, seguro de viaje, pago de exceso de equipaje, solicitudes personales (bebidas adicionales, servicio de lavander\u00eda, comunicaci\u00f3n [llamadas, faxes, correos electr\u00f3nicos, etc.]), impuestos de salida de aeropuertos nacionales e internacionales, propinas u otros servicios y tarifas no especificados en el itinerario.<\/p><p data-sourcepos=\"12:1-13:340\"><strong>SERVICIOS NO UTILIZADOS<\/strong> Algunos servicios pueden ser interrumpidos o cancelados debido a condiciones clim\u00e1ticas, fuerza mayor, casos fortuitos, huelgas, etc., o por eventos fuera del control de los hoteles, aerol\u00edneas, otros proveedores, Metropolitan Touring o sus asociados. No se realizar\u00e1n reembolsos por interrupciones o cancelaciones fuera de nuestro control.<\/p><p data-sourcepos=\"15:1-16:354\"><strong>SEGURO<\/strong> Recomendamos encarecidamente que los pasajeros contraten un seguro de cancelaci\u00f3n de viaje, repatriaci\u00f3n y m\u00e9dico internacional para cubrir cualquier imprevisto que pueda surgir durante el viaje. Tambi\u00e9n les instamos a que consulten a su m\u00e9dico para actualizar las vacunas y analizar cualquier inquietud m\u00e9dica relacionada con los viajes internacionales.<\/p>\t\t\t\t\t\t\t\t<\/div>\n\t\t\t\t<\/div>\n\t\t\t\t<div class=\"elementor-element elementor-element-08808d3 elementor-widget elementor-widget-heading\" data-id=\"08808d3\" data-element_type=\"widget\" data-e-type=\"widget\" data-widget_type=\"heading.default\">\n\t\t\t\t<div class=\"elementor-widget-container\">\n\t\t\t\t\t<h2 class=\"elementor-heading-title elementor-size-default\">Condiciones Reserva<\/h2>\t\t\t\t<\/div>\n\t\t\t\t<\/div>\n\t\t\t\t<div class=\"elementor-element elementor-element-8cce93f elementor-widget elementor-widget-text-editor\" data-id=\"8cce93f\" data-element_type=\"widget\" data-e-type=\"widget\" data-widget_type=\"text-editor.default\">\n\t\t\t\t<div class=\"elementor-widget-container\">\n\t\t\t\t\t\t\t\t\t<p data-sourcepos=\"3:1-3:97\"><strong>Para cualquier reservaci\u00f3n se requiere la siguiente informaci\u00f3n sobre el pasajero(s) o grupo:<\/strong><\/p><ul data-sourcepos=\"5:1-10:42\"><li data-sourcepos=\"5:1-5:31\">Nombres y apellidos completos<\/li><li data-sourcepos=\"6:1-6:16\">Nacionalidades<\/li><li data-sourcepos=\"7:1-7:22\">N\u00fameros de pasaporte<\/li><li data-sourcepos=\"8:1-8:22\">Fechas de nacimiento<\/li><li data-sourcepos=\"9:1-9:8\">G\u00e9nero<\/li><li data-sourcepos=\"10:1-10:42\">Restricciones diet\u00e9ticas, si las hubiera<\/li><\/ul>\t\t\t\t\t\t\t\t<\/div>\n\t\t\t\t<\/div>\n\t\t\t\t<div class=\"elementor-element elementor-element-f651e85 elementor-widget elementor-widget-heading\" data-id=\"f651e85\" data-element_type=\"widget\" data-e-type=\"widget\" data-widget_type=\"heading.default\">\n\t\t\t\t<div class=\"elementor-widget-container\">\n\t\t\t\t\t<h2 class=\"elementor-heading-title elementor-size-default\">Condiciones de pago<\/h2>\t\t\t\t<\/div>\n\t\t\t\t<\/div>\n\t\t\t\t<div class=\"elementor-element elementor-element-afddf59 elementor-widget elementor-widget-text-editor\" data-id=\"afddf59\" data-element_type=\"widget\" data-e-type=\"widget\" data-widget_type=\"text-editor.default\">\n\t\t\t\t<div class=\"elementor-widget-container\">\n\t\t\t\t\t\t\t\t\t<p data-sourcepos=\"3:1-3:52\"><strong>El pago completo se requiere antes de la salida.<\/strong><\/p><p data-sourcepos=\"5:1-5:10\"><strong>Notas:<\/strong><\/p><ul data-sourcepos=\"7:1-7:5\"><li data-sourcepos=\"7:1-7:5\">Los pasajes a\u00e9reos siempre requieren pago por adelantado.<\/li><li data-sourcepos=\"8:1-8:96\">El pago constituye la aceptaci\u00f3n de los t\u00e9rminos y condiciones establecidos en este documento.<\/li><\/ul>\t\t\t\t\t\t\t\t<\/div>\n\t\t\t\t<\/div>\n\t\t\t\t<div class=\"elementor-element elementor-element-1b167e5 elementor-widget elementor-widget-heading\" data-id=\"1b167e5\" data-element_type=\"widget\" data-e-type=\"widget\" data-widget_type=\"heading.default\">\n\t\t\t\t<div class=\"elementor-widget-container\">\n\t\t\t\t\t<h2 class=\"elementor-heading-title elementor-size-default\">No se incluye<\/h2>\t\t\t\t<\/div>\n\t\t\t\t<\/div>\n\t\t\t\t<div class=\"elementor-element elementor-element-f059241 elementor-widget elementor-widget-text-editor\" data-id=\"f059241\" data-element_type=\"widget\" data-e-type=\"widget\" data-widget_type=\"text-editor.default\">\n\t\t\t\t<div class=\"elementor-widget-container\">\n\t\t\t\t\t\t\t\t\t<ul><li data-sourcepos=\"1:1-1:5\"><strong>Comidas o cualquier otro art\u00edculo no descrito en el itinerario.<\/strong><\/li><li data-sourcepos=\"2:1-2:46\"><strong>El check-in temprano, el check-out tard\u00edo, servicios y comidas no mencionados en el itinerario.<\/strong><\/li><li data-sourcepos=\"3:1-3:25\"><strong>Gastos personales.<\/strong><\/li><li data-sourcepos=\"4:1-4:73\"><strong>Bebidas durante las comidas, extras del hotel y gastos personales.<\/strong><\/li><li data-sourcepos=\"5:1-5:48\"><strong>Propinas para gu\u00edas y personal del hotel.<\/strong><\/li><li data-sourcepos=\"6:1-6:2\"><strong>Actividades no descritas en el programa.<\/strong><\/li><li data-sourcepos=\"7:1-8:1\"><strong>Las comidas no est\u00e1n definidas en el programa.<\/strong>\u00a0<\/li><li data-sourcepos=\"8:1-8:31\"><strong>Impuestos de aeropuerto.<\/strong><\/li><li data-sourcepos=\"9:1-9:105\"><strong>Propinas o gastos personales<\/strong><\/li><\/ul>\t\t\t\t\t\t\t\t<\/div>\n\t\t\t\t<\/div>\n\t\t\t\t<div class=\"elementor-element elementor-element-9de3cc8 elementor-widget elementor-widget-heading\" data-id=\"9de3cc8\" data-element_type=\"widget\" data-e-type=\"widget\" data-widget_type=\"heading.default\">\n\t\t\t\t<div class=\"elementor-widget-container\">\n\t\t\t\t\t<h2 class=\"elementor-heading-title elementor-size-default\">Politica de Cancelaci\u00f3n<\/h2>\t\t\t\t<\/div>\n\t\t\t\t<\/div>\n\t\t\t\t<div class=\"elementor-element elementor-element-65aade7 elementor-widget elementor-widget-text-editor\" data-id=\"65aade7\" data-element_type=\"widget\" data-e-type=\"widget\" data-widget_type=\"text-editor.default\">\n\t\t\t\t<div class=\"elementor-widget-container\">\n\t\t\t\t\t\t\t\t\t<p data-sourcepos=\"3:1-3:16\"><strong>Cancelaci\u00f3n:<\/strong><\/p><ul data-sourcepos=\"5:1-5:81\"><li data-sourcepos=\"5:1-5:81\">Tiene la opci\u00f3n de cancelar su reserva hasta 30 d\u00edas antes de la salida, sujeto a nuestro criterio, en casos de circunstancias fuera de su control que surjan en su destino.<\/li><li data-sourcepos=\"6:1-6:66\">En caso de cancelaci\u00f3n, recibir\u00e1 un cr\u00e9dito para futuros viajes, no transferible ni reembolsable. Este cr\u00e9dito se aplicar\u00e1 para compensar el costo de su nueva reserva.<\/li><li data-sourcepos=\"7:1-7:60\">Las condiciones generales se aplican a todas las reservas.<\/li><li data-sourcepos=\"8:1-8:140\">Si cambia su fecha de salida o reserva un viaje de reemplazo, entrar\u00e1n en vigencia los t\u00e9rminos de cancelaci\u00f3n aplicables en ese momento.<\/li><li data-sourcepos=\"9:1-9:4\">Si los proveedores no permiten el aplazamiento o no ofrecen reembolsos, le transmitiremos todos los cargos incurridos, as\u00ed como cualquier costo acumulado por World Atlantic Travel hasta la fecha de cancelaci\u00f3n.<\/li><li data-sourcepos=\"10:1-11:0\">Cualquier cr\u00e9dito para viajes futuros debe utilizarse dentro de los 12 meses posteriores a la fecha de emisi\u00f3n para viajes dentro de los 12 meses posteriores a la fecha de la nueva reserva.<\/li><\/ul><p data-sourcepos=\"12:1-12:17\"><strong>Aplazamiento:<\/strong><\/p><ul data-sourcepos=\"14:1-15:38\"><li data-sourcepos=\"14:1-14:166\">Tiene la opci\u00f3n de aplazar su reserva hasta 21 d\u00edas antes de la salida, siempre que surjan circunstancias fuera de su control en su hogar o en su destino de viaje.<\/li><li data-sourcepos=\"15:1-15:38\">Las condiciones generales se aplican a todas las reservas y las condiciones de cancelaci\u00f3n regulares se aplicar\u00e1n a la nueva fecha de reserva.<\/li><li data-sourcepos=\"16:1-16:205\">Si los proveedores no permiten el aplazamiento gratuito, se le transferir\u00e1n los cargos correspondientes, junto con cualquier costo en el que incurra World Atlantic Travel como resultado del aplazamiento.<\/li><li data-sourcepos=\"17:1-17:79\">Dentro de los 21 d\u00edas previos al viaje, se aplican las condiciones generales.<\/li><li data-sourcepos=\"18:1-18:54\">Su saldo restante vence 30 d\u00edas antes de la salida.<\/li><li data-sourcepos=\"19:1-20:0\">Si no paga el saldo sin notificar su intenci\u00f3n de posponer o cancelar debido a circunstancias fuera de su control en su destino, se aplicar\u00e1n las condiciones normales de cancelaci\u00f3n.<\/li><\/ul><p data-sourcepos=\"21:1-21:109\"><strong>Dispone de flexibilidad para reprogramar o reclamar un cr\u00e9dito completo para futuros viajes.<\/strong><\/p>\t\t\t\t\t\t\t\t<\/div>\n\t\t\t\t<\/div>\n\t\t\t\t<div class=\"elementor-element elementor-element-ed7095d elementor-widget elementor-widget-heading\" data-id=\"ed7095d\" data-element_type=\"widget\" data-e-type=\"widget\" data-widget_type=\"heading.default\">\n\t\t\t\t<div class=\"elementor-widget-container\">\n\t\t\t\t\t<h2 class=\"elementor-heading-title elementor-size-default\">Declaraci\u00f3n de seguridad del recorrido<\/h2>\t\t\t\t<\/div>\n\t\t\t\t<\/div>\n\t\t\t\t<div class=\"elementor-element elementor-element-4973fc9 elementor-widget elementor-widget-text-editor\" data-id=\"4973fc9\" data-element_type=\"widget\" data-e-type=\"widget\" data-widget_type=\"text-editor.default\">\n\t\t\t\t<div class=\"elementor-widget-container\">\n\t\t\t\t\t\t\t\t\t<div class=\"avatar-gutter ng-tns-c3212817250-91 ng-star-inserted\"><div class=\"resize-observable\"><strong>\u00a1Tu seguridad es nuestra prioridad!<\/strong> Hemos implementado protocolos de salud y seguridad mejorados alineados con las pautas de la Organizaci\u00f3n Mundial de la Salud para garantizar tu bienestar durante nuestros tours. Si bien la vacunaci\u00f3n no es obligatoria, la recomendamos enf\u00e1ticamente. Estamos comprometidos con la equidad global de las vacunas.<br \/><br \/><\/div><\/div><div class=\"response-container-content ng-tns-c3212817250-91\"><div class=\"response-content ng-tns-c3212817250-91\"><div class=\"markdown markdown-main-panel\" dir=\"ltr\"><p data-sourcepos=\"5:1-5:164\"><strong>Requisitos de entrada:<\/strong> No se requiere prueba de vacunaci\u00f3n, pero los viajeros deben cumplir con los requisitos de entrada de los pa\u00edses visitados o en tr\u00e1nsito.<\/p><p data-sourcepos=\"7:1-7:160\"><strong>COVID durante el tour:<\/strong> Si te sientes mal con s\u00edntomas de COVID, notifica al l\u00edder del tour inmediatamente, a\u00edslate y espera los resultados de la prueba. Los gastos adicionales son tu responsabilidad.<\/p><p data-sourcepos=\"9:1-9:247\"><strong>Tu responsabilidad:<\/strong> Los tours exitosos requieren trabajo en equipo. Sigue los consejos previos al viaje, las instrucciones del l\u00edder del tour y las pautas locales para garantizar un viaje seguro para todos. \u00a1Gracias por tu cooperaci\u00f3n y apoyo!<\/p><\/div><\/div><\/div>\t\t\t\t\t\t\t\t<\/div>\n\t\t\t\t<\/div>\n\t\t\t\t<div class=\"elementor-element elementor-element-8c1d033 elementor-widget elementor-widget-heading\" data-id=\"8c1d033\" data-element_type=\"widget\" data-e-type=\"widget\" data-widget_type=\"heading.default\">\n\t\t\t\t<div class=\"elementor-widget-container\">\n\t\t\t\t\t<h2 class=\"elementor-heading-title elementor-size-default\">Pasaportes y Visas<\/h2>\t\t\t\t<\/div>\n\t\t\t\t<\/div>\n\t\t\t\t<div class=\"elementor-element elementor-element-e609b7a elementor-widget elementor-widget-text-editor\" data-id=\"e609b7a\" data-element_type=\"widget\" data-e-type=\"widget\" data-widget_type=\"text-editor.default\">\n\t\t\t\t<div class=\"elementor-widget-container\">\n\t\t\t\t\t\t\t\t\t<h4 data-sourcepos=\"1:1-1:37\">Requisitos de Entrada:<\/h4><p data-sourcepos=\"3:1-3:14\"><strong>Pasaporte:<\/strong><\/p><ul data-sourcepos=\"5:1-5:88\"><li data-sourcepos=\"5:1-5:88\">Se requiere un pasaporte v\u00e1lido para viajar. Es un est\u00e1ndar mundial que los pasaportes tengan al menos 6 meses de validez m\u00e1s all\u00e1 de la fecha de regreso (algunos pa\u00edses europeos pueden requerir solo 3 meses).<\/li><\/ul><p data-sourcepos=\"7:1-7:15\"><strong>Requisitos de entrada adicionales:<\/strong><\/p><ul data-sourcepos=\"9:1-9:169\"><li data-sourcepos=\"9:1-9:169\">Para destinos que requieren acciones adicionales como prerregistro en l\u00ednea, solicitud de visa o tarifas de entrada, le proporcionaremos esta informaci\u00f3n al momento de la reserva.<\/li><li data-sourcepos=\"10:1-11:0\">Si se necesita documentaci\u00f3n de soporte de nuestra parte para su solicitud, la proporcionaremos m\u00e1s cerca de la salida.<\/li><\/ul><p data-sourcepos=\"12:1-12:10\"><strong>Visas:<\/strong><\/p><ul data-sourcepos=\"14:1-17:0\"><li data-sourcepos=\"14:1-14:173\">Si bien muchas visas se pueden obtener en l\u00ednea, algunas pueden requerir solicitudes en consulados o embajadas, especialmente para tours que involucran m\u00faltiples destinos.<\/li><li data-sourcepos=\"15:1-15:108\">Ofrecemos orientaci\u00f3n sobre el proceso de solicitud y recomendamos nuestros servicios de visa preferidos.<\/li><li data-sourcepos=\"16:1-17:0\">Si necesita informaci\u00f3n espec\u00edfica, no dude en contactarnos o consultar los enlaces proporcionados.<\/li><\/ul><p data-sourcepos=\"18:1-18:20\"><strong>Tenga en cuenta:<\/strong><\/p><ul data-sourcepos=\"20:1-21:152\"><li data-sourcepos=\"20:1-20:88\">Las regulaciones de visas y entrada pueden cambiar repentinamente y sin previo aviso.<\/li><li data-sourcepos=\"21:1-21:152\">Si bien hacemos todo lo posible para informarle de los requisitos y ayudarlo con las solicitudes de visa, no podemos responsabilizarnos por errores de la embajada, cambios regulatorios o acciones de los funcionarios fronterizos, todo lo cual est\u00e1 fuera de nuestro control.<\/li><\/ul>\t\t\t\t\t\t\t\t<\/div>\n\t\t\t\t<\/div>\n\t\t\t\t\t<\/div>\n\t\t<\/div>\n\t\t\t\t\t<\/div>\n\t\t<\/section>\n\t\t\t\t<\/div>\n\t\t","protected":false},"excerpt":{"rendered":"<p>PRECIOS Todos los precios est\u00e1n en d\u00f3lares estadounidenses (USD) y pueden cambiar sin previo aviso. A menos que se indique lo contrario, los precios son por persona en base a ocupaci\u00f3n doble (dos personas en [&hellip;]<\/p>\n","protected":false},"author":1,"featured_media":0,"parent":0,"menu_order":0,"comment_status":"closed","ping_status":"closed","template":"templates\/template-fullwidth-boxed.php","meta":{"inline_featured_image":false,"footnotes":""},"class_list":["post-687","page","type-page","status-publish","hentry"],"_links":{"self":[{"href":"https:\/\/worldatlantictravel.com\/inicio\/wp-json\/wp\/v2\/pages\/687","targetHints":{"allow":["GET"]}}],"collection":[{"href":"https:\/\/worldatlantictravel.com\/inicio\/wp-json\/wp\/v2\/pages"}],"about":[{"href":"https:\/\/worldatlantictravel.com\/inicio\/wp-json\/wp\/v2\/types\/page"}],"author":[{"embeddable":true,"href":"https:\/\/worldatlantictravel.com\/inicio\/wp-json\/wp\/v2\/users\/1"}],"replies":[{"embeddable":true,"href":"https:\/\/worldatlantictravel.com\/inicio\/wp-json\/wp\/v2\/comments?post=687"}],"version-history":[{"count":8,"href":"https:\/\/worldatlantictravel.com\/inicio\/wp-json\/wp\/v2\/pages\/687\/revisions"}],"predecessor-version":[{"id":2754,"href":"https:\/\/worldatlantictravel.com\/inicio\/wp-json\/wp\/v2\/pages\/687\/revisions\/2754"}],"wp:attachment":[{"href":"https:\/\/worldatlantictravel.com\/inicio\/wp-json\/wp\/v2\/media?parent=687"}],"curies":[{"name":"wp","href":"https:\/\/api.w.org\/{rel}","templated":true}]}}